{"id":246,"date":"2021-07-13T12:50:27","date_gmt":"2021-07-13T10:50:27","guid":{"rendered":"http:\/\/douriez.7vallees-informatique.fr\/?post_type=project&#038;p=246"},"modified":"2026-04-15T16:20:34","modified_gmt":"2026-04-15T14:20:34","slug":"chorale-de-lamitie","status":"publish","type":"project","link":"https:\/\/www.douriez.fr\/index.php\/project\/chorale-de-lamitie\/","title":{"rendered":"Chorale de l&rsquo;amiti\u00e9"},"content":{"rendered":"\n[et_pb_section fb_built=\u00a0\u00bb1&Prime; _builder_version=\u00a0\u00bb4.16&Prime; _module_preset=\u00a0\u00bbdefault\u00a0\u00bb global_colors_info=\u00a0\u00bb{}\u00a0\u00bb][et_pb_row column_structure=\u00a0\u00bb1_2,1_2&Prime; _builder_version=\u00a0\u00bb4.16&Prime; _module_preset=\u00a0\u00bbdefault\u00a0\u00bb global_colors_info=\u00a0\u00bb{}\u00a0\u00bb][et_pb_column type=\u00a0\u00bb1_2&Prime; _builder_version=\u00a0\u00bb4.16&Prime; _module_preset=\u00a0\u00bbdefault\u00a0\u00bb global_colors_info=\u00a0\u00bb{}\u00a0\u00bb][et_pb_post_title meta=\u00a0\u00bboff\u00a0\u00bb featured_image=\u00a0\u00bboff\u00a0\u00bb _builder_version=\u00a0\u00bb4.16&Prime; _module_preset=\u00a0\u00bbdefault\u00a0\u00bb global_colors_info=\u00a0\u00bb{}\u00a0\u00bb][\/et_pb_post_title][et_pb_text _builder_version=\u00a0\u00bb4.16&Prime; _module_preset=\u00a0\u00bbdefault\u00a0\u00bb global_colors_info=\u00a0\u00bb{}\u00a0\u00bb]<div>Pr\u00e9sidente : Mme Marie-Christine Legrand<\/div>\n<div>les mercredis 1 fois tous les 15 jours &#8211; 20h \u00e0 22h<\/div>\n<div>tous les jeudis &#8211; 20h \u00e0 22h<\/div>\n<div><\/div>\n<p>&nbsp;<\/p>[\/et_pb_text][et_pb_text _builder_version=\u00a0\u00bb4.27.6&Prime; _module_preset=\u00a0\u00bbdefault\u00a0\u00bb hover_enabled=\u00a0\u00bb0&Prime; global_colors_info=\u00a0\u00bb{}\u00a0\u00bb sticky_enabled=\u00a0\u00bb0&Prime;]<p>Adresse :\u00a0 37 route de Molinel, 62870 Douriez<\/p>\n<p>Contact : <a href=\"mailto:chorale.amitie870@gmail.com\" contenteditable=\"false\" title=\"mailto:chorale.amitie870@gmail.com\">chorale.amitie870@gmail.com<\/a><\/p>[\/et_pb_text][\/et_pb_column][et_pb_column type=\u00a0\u00bb1_2&Prime; _builder_version=\u00a0\u00bb4.16&Prime; _module_preset=\u00a0\u00bbdefault\u00a0\u00bb global_colors_info=\u00a0\u00bb{}\u00a0\u00bb][et_pb_image title_text=\u00a0\u00bbchorale\u00a0\u00bb _builder_version=\u00a0\u00bb4.27.6&Prime; _module_preset=\u00a0\u00bbdefault\u00a0\u00bb hover_enabled=\u00a0\u00bb0&Prime; global_colors_info=\u00a0\u00bb{}\u00a0\u00bb src=\u00a0\u00bbhttps:\/\/www.douriez.fr\/wp-content\/uploads\/2025\/06\/chorale.jpg\u00a0\u00bb sticky_enabled=\u00a0\u00bb0&Prime;][\/et_pb_image][\/et_pb_column][\/et_pb_row][\/et_pb_section]\n","protected":false},"excerpt":{"rendered":"<p>Pr\u00e9sidente : Mme Marie-Christine Legrand les mercredis 1 fois tous les 15 jours &#8211; 20h \u00e0 22h tous les jeudis &#8211; 20h \u00e0 22h &nbsp;Adresse :\u00a0 37 route de Molinel, 62870 Douriez Contact : chorale.amitie870@gmail.com<\/p>\n","protected":false},"author":1,"featured_media":1430,"comment_status":"closed","ping_status":"closed","template":"","meta":{"_et_pb_use_builder":"on","_et_pb_old_content":"","_et_gb_content_width":"","footnotes":""},"project_category":[9],"project_tag":[19,21],"class_list":["post-246","project","type-project","status-publish","has-post-thumbnail","hentry","project_category-associations","project_tag-association","project_tag-chorale"],"_links":{"self":[{"href":"https:\/\/www.douriez.fr\/index.php\/wp-json\/wp\/v2\/project\/246","targetHints":{"allow":["GET"]}}],"collection":[{"href":"https:\/\/www.douriez.fr\/index.php\/wp-json\/wp\/v2\/project"}],"about":[{"href":"https:\/\/www.douriez.fr\/index.php\/wp-json\/wp\/v2\/types\/project"}],"author":[{"embeddable":true,"href":"https:\/\/www.douriez.fr\/index.php\/wp-json\/wp\/v2\/users\/1"}],"replies":[{"embeddable":true,"href":"https:\/\/www.douriez.fr\/index.php\/wp-json\/wp\/v2\/comments?post=246"}],"version-history":[{"count":5,"href":"https:\/\/www.douriez.fr\/index.php\/wp-json\/wp\/v2\/project\/246\/revisions"}],"predecessor-version":[{"id":1753,"href":"https:\/\/www.douriez.fr\/index.php\/wp-json\/wp\/v2\/project\/246\/revisions\/1753"}],"wp:featuredmedia":[{"embeddable":true,"href":"https:\/\/www.douriez.fr\/index.php\/wp-json\/wp\/v2\/media\/1430"}],"wp:attachment":[{"href":"https:\/\/www.douriez.fr\/index.php\/wp-json\/wp\/v2\/media?parent=246"}],"wp:term":[{"taxonomy":"project_category","embeddable":true,"href":"https:\/\/www.douriez.fr\/index.php\/wp-json\/wp\/v2\/project_category?post=246"},{"taxonomy":"project_tag","embeddable":true,"href":"https:\/\/www.douriez.fr\/index.php\/wp-json\/wp\/v2\/project_tag?post=246"}],"curies":[{"name":"wp","href":"https:\/\/api.w.org\/{rel}","templated":true}]}}

Chorale de l&rsquo;amitié

[et_pb_section fb_built= »1&Prime; _builder_version= »4.16&Prime; _module_preset= »default » global_colors_info= »{} »][et_pb_row column_structure= »1_2,1_2&Prime; _builder_version= »4.16&Prime; _module_preset= »default » global_colors_info= »{} »][et_pb_column type= »1_2&Prime; _builder_version= »4.16&Prime; _module_preset= »default » global_colors_info= »{} »][et_pb_post_title meta= »off » featured_image= »off » _builder_version= »4.16&Prime; _module_preset= »default » global_colors_info= »{} »][/et_pb_post_title][et_pb_text _builder_version= »4.16&Prime; _module_preset= »default » global_colors_info= »{} »]<div>Présidente : Mme Marie-Christine Legrand</div>
<div>les mercredis 1 fois tous les 15 jours &#8211; 20h à 22h</div>
<div>tous les jeudis &#8211; 20h à 22h</div>
<div></div>
<p>&nbsp;</p>[/et_pb_text][et_pb_text _builder_version= »4.27.6&Prime; _module_preset= »default » hover_enabled= »0&Prime; global_colors_info= »{} » sticky_enabled= »0&Prime;]<p>Adresse :  37 route de Molinel, 62870 Douriez</p>
<p>Contact : <a href="mailto:chorale.amitie870@gmail.com" contenteditable="false" title="mailto:chorale.amitie870@gmail.com">chorale.amitie870@gmail.com</a></p>[/et_pb_text][/et_pb_column][et_pb_column type= »1_2&Prime; _builder_version= »4.16&Prime; _module_preset= »default » global_colors_info= »{} »][et_pb_image title_text= »chorale » _builder_version= »4.27.6&Prime; _module_preset= »default » hover_enabled= »0&Prime; global_colors_info= »{} » src= »https://www.douriez.fr/wp-content/uploads/2025/06/chorale.jpg » sticky_enabled= »0&Prime;][/et_pb_image][/et_pb_column][/et_pb_row][/et_pb_section]

<p>Présidente : Mme Marie-Christine Legrand les mercredis 1 fois tous les 15 jours &#8211; 20h à 22h tous les jeudis &#8211; 20h à 22h &nbsp;Adresse :  37 route de Molinel, 62870 Douriez Contact : chorale.amitie870@gmail.com</p>
