{"id":252,"date":"2021-07-13T14:42:39","date_gmt":"2021-07-13T12:42:39","guid":{"rendered":"http:\/\/douriez.7vallees-informatique.fr\/?page_id=252"},"modified":"2023-07-27T19:08:01","modified_gmt":"2023-07-27T17:08:01","slug":"la-collegiale-2","status":"publish","type":"page","link":"https:\/\/www.douriez.fr\/index.php\/la-collegiale-2\/","title":{"rendered":"La coll\u00e9giale Saint-Riquier"},"content":{"rendered":"<p>[et_pb_section fb_built=\u00a0\u00bb1&Prime; _builder_version=\u00a0\u00bb4.16&Prime; _module_preset=\u00a0\u00bbdefault\u00a0\u00bb global_colors_info=\u00a0\u00bb{}\u00a0\u00bb][et_pb_row _builder_version=\u00a0\u00bb4.16&Prime; _module_preset=\u00a0\u00bbdefault\u00a0\u00bb global_colors_info=\u00a0\u00bb{}\u00a0\u00bb][et_pb_column type=\u00a0\u00bb4_4&Prime; _builder_version=\u00a0\u00bb4.16&Prime; _module_preset=\u00a0\u00bbdefault\u00a0\u00bb global_colors_info=\u00a0\u00bb{}\u00a0\u00bb][et_pb_post_title meta=\u00a0\u00bboff\u00a0\u00bb _builder_version=\u00a0\u00bb4.16&Prime; _module_preset=\u00a0\u00bbdefault\u00a0\u00bb global_colors_info=\u00a0\u00bb{}\u00a0\u00bb][\/et_pb_post_title][\/et_pb_column][\/et_pb_row][et_pb_row _builder_version=\u00a0\u00bb4.16&Prime; _module_preset=\u00a0\u00bbdefault\u00a0\u00bb global_colors_info=\u00a0\u00bb{}\u00a0\u00bb][et_pb_column type=\u00a0\u00bb4_4&Prime; _builder_version=\u00a0\u00bb4.16&Prime; _module_preset=\u00a0\u00bbdefault\u00a0\u00bb global_colors_info=\u00a0\u00bb{}\u00a0\u00bb][et_pb_text _builder_version=\u00a0\u00bb4.21.0&Prime; _module_preset=\u00a0\u00bbdefault\u00a0\u00bb text_orientation=\u00a0\u00bbjustified\u00a0\u00bb global_colors_info=\u00a0\u00bb{}\u00a0\u00bb]<\/p>\n<p><span>La collegiale de Douriez a \u00e9t\u00e9 batie de 1506 \u00e0 1518 gr\u00e2ce aux largesses de Fran\u00e7ois de Cr\u00e9quy ,seigneur de Douriez.<\/span><\/p>\n<p>Fran\u00e7ois de Cr\u00e9quy avait \u00e9t\u00e9 envoy\u00e9 en ambassade par le roi de France Louis XII aupr\u00e8s du roi d&rsquo;Angleterre Henri VII.Ayant parfaitement r\u00e9ussi sa mission ,il fut combl\u00e9 de pr\u00e9sents par les deux rois.Il employa cette richesse \u00e0 la construction de l&rsquo;\u00e9glise et fonda un \u00ab\u00a0coll\u00e9ge\u00a0\u00bb ( d&rsquo;ou le terme de coll\u00e9giale) ou chapitre de 6 chanoines avec leur doyen.<\/p>\n<p>Mais Douriez \u00e9tait une fronti\u00e8re entre la Picardie et l&rsquo;Artois : le village et l&rsquo;\u00e9glise furent plusieurs fois ravag\u00e9s par des guerres.En particulier en 1638 , sous Richelieu , lors de la guerre entre Fran\u00e7ais de Picardie et Espagnols ( d&rsquo;Artois) le village fut d\u00e9moli , l&rsquo;\u00e9glise br\u00fbl\u00e9e , les habitants dispers\u00e9s .Le village resta entierement d\u00e9sert jusqu&rsquo;en 1640.<\/p>\n<p>Il reste un certain nombre de signes de cette splendeur : les fen\u00eatres du ch\u0153ur , la vo\u00fbte du bras nord du transept , les chapiteaux des niches dans la nef et dans le ch\u0153ur , la vo\u00fbte du tombeau de Fran\u00e7ois et Marguerite de Cr\u00e9quy (\u00e0 gauche du ch\u0153<span style=\"font-size: 14px;\">ur<\/span>) , un contrefort \u00e0 gauche du grand portail .<\/p>\n<p>Les habitants revinrent parmi les ruines de leur village , relev\u00e8rent leurs maisons et refirent un toit \u00e0 l&rsquo;\u00e9glise. En 1705 , \u00e0 la fin d&rsquo;un long proc\u00e8s avec l&rsquo;administration des d\u00eemes , ils obtinrent l &lsquo;argent pour la restauration des vo\u00fbtes , pour laquelle ils transport\u00e8rent les pierres .Ces vo\u00fbtes s&rsquo;\u00e9l\u00e8vent jusqu&rsquo;\u00e0 10 m\u00e8tres dans la nef et 13 m\u00e8tres dans le ch\u0153<span style=\"font-size: 14px;\">ur .<\/span><\/p>\n<p>En 1774 , Madame de Lameth , propri\u00e9taire du ch\u00e2teau de Douriez , donna le mobilier du ch\u0153<span style=\"font-size: 14px;\">ur<\/span> : autel , lambris , stalles en ch\u00eane et grilles .<\/p>\n<p><span>Longue de 45 m\u00e8tres et d\u2019un plan en croix latine, la coll\u00e9giale comprend trois vaisseaux, une nef flanqu\u00e9e de deux collat\u00e9raux, \u00e0 quatre trav\u00e9es, et un transept. Le ch\u0153ur est plus large et nettement plus haut que le vaisseau central. Dans une niche du ch\u0153ur (enfeu) subsiste la pierre tombale de Fran\u00e7ois de Cr\u00e9quy, couverte d\u2019une exceptionnelle vo\u00fbte en pierre sculpt\u00e9e. L\u2019\u00e9difice est enti\u00e8rement vout\u00e9 sur crois\u00e9e d\u2019ogives, \u00e0 noter la vo\u00fbte de la chapelle Nord qui a conserv\u00e9 ses clefs sculpt\u00e9es du\u00a0<\/span><abbr title=\"seizi\u00e8me\">16 \u00e8me<\/abbr><span>\u00a0si\u00e8cle repr\u00e9sentant des \u00e9pisodes de la vie de la Vierge. Les charpentes du\u00a0<\/span><abbr title=\"dix-neuvi\u00e8me\">19 \u00e8me <\/abbr><span>sont en ch\u00eane, couvertes en ardoises violines. L\u2019\u00e9difice a\u00a0<\/span>conserv\u00e9 globalement son aspect 16 \u00e8me si\u00e8cle, repr\u00e9sentatif de l\u2019architecture gothique flamboyante du Nord de la France.<\/p>\n<p>&nbsp;<\/p>\n<p>[\/et_pb_text][\/et_pb_column][\/et_pb_row][\/et_pb_section][et_pb_section fb_built=\u00a0\u00bb1&Prime; _builder_version=\u00a0\u00bb4.21.0&Prime; _module_preset=\u00a0\u00bbdefault\u00a0\u00bb global_colors_info=\u00a0\u00bb{}\u00a0\u00bb][et_pb_row _builder_version=\u00a0\u00bb4.21.0&Prime; _module_preset=\u00a0\u00bbdefault\u00a0\u00bb global_colors_info=\u00a0\u00bb{}\u00a0\u00bb][et_pb_column type=\u00a0\u00bb4_4&Prime; _builder_version=\u00a0\u00bb4.21.0&Prime; _module_preset=\u00a0\u00bbdefault\u00a0\u00bb global_colors_info=\u00a0\u00bb{}\u00a0\u00bb][et_pb_video src=\u00a0\u00bbhttps:\/\/www.youtube.com\/watch?v=aoyRvqer_C8&Prime; _builder_version=\u00a0\u00bb4.21.0&Prime; _module_preset=\u00a0\u00bbdefault\u00a0\u00bb global_colors_info=\u00a0\u00bb{}\u00a0\u00bb][\/et_pb_video][\/et_pb_column][\/et_pb_row][\/et_pb_section][et_pb_section fb_built=\u00a0\u00bb1&Prime; specialty=\u00a0\u00bbon\u00a0\u00bb _builder_version=\u00a0\u00bb4.16&Prime; _module_preset=\u00a0\u00bbdefault\u00a0\u00bb background_color=\u00a0\u00bb#2E403D\u00a0\u00bb global_colors_info=\u00a0\u00bb{}\u00a0\u00bb][et_pb_column type=\u00a0\u00bb1_2&Prime; _builder_version=\u00a0\u00bb4.16&Prime; custom_padding=\u00a0\u00bb|||\u00a0\u00bb global_colors_info=\u00a0\u00bb{}\u00a0\u00bb custom_padding__hover=\u00a0\u00bb|||\u00a0\u00bb][et_pb_image src=\u00a0\u00bbhttps:\/\/www.douriez.fr\/wp-content\/uploads\/2021\/07\/IMG_20210404_182923-scaled.jpg\u00a0\u00bb title_text=\u00a0\u00bbIMG_20210404_182923&Prime; _builder_version=\u00a0\u00bb4.16&Prime; _module_preset=\u00a0\u00bbdefault\u00a0\u00bb global_colors_info=\u00a0\u00bb{}\u00a0\u00bb][\/et_pb_image][\/et_pb_column][et_pb_column type=\u00a0\u00bb1_2&Prime; specialty_columns=\u00a0\u00bb2&Prime; _builder_version=\u00a0\u00bb4.16&Prime; custom_padding=\u00a0\u00bb|||\u00a0\u00bb global_colors_info=\u00a0\u00bb{}\u00a0\u00bb custom_padding__hover=\u00a0\u00bb|||\u00a0\u00bb][et_pb_row_inner _builder_version=\u00a0\u00bb4.16&Prime; _module_preset=\u00a0\u00bbdefault\u00a0\u00bb global_colors_info=\u00a0\u00bb{}\u00a0\u00bb][et_pb_column_inner saved_specialty_column_type=\u00a0\u00bb1_2&Prime; _builder_version=\u00a0\u00bb4.16&Prime; _module_preset=\u00a0\u00bbdefault\u00a0\u00bb global_colors_info=\u00a0\u00bb{}\u00a0\u00bb][et_pb_cta title=\u00a0\u00bbRestauration\u00a0\u00bb button_url=\u00a0\u00bbhttps:\/\/patrimoines.pasdecalais.fr\/Decouvrir\/Patrimoine-architectural\/La-collegiale-Saint-Riquier-de-Douriez\u00a0\u00bb button_text=\u00a0\u00bbRestauration et visite virtuelle\u00a0\u00bb _builder_version=\u00a0\u00bb4.16&Prime; _module_preset=\u00a0\u00bbdefault\u00a0\u00bb global_colors_info=\u00a0\u00bb{}\u00a0\u00bb]<\/p>\n<p>Nous vous invitons \u00e0 visiter le site du d\u00e9partement afin de d\u00e9couvrir l&rsquo;histoire de cet \u00e9difice, le chantier de restauration (2015 \u00e0 2018),\u00a0 et une tr\u00e8s belle visite virtuelle de la coll\u00e9giale.<\/p>\n<p>[\/et_pb_cta][\/et_pb_column_inner][\/et_pb_row_inner][et_pb_row_inner _builder_version=\u00a0\u00bb4.16&Prime; _module_preset=\u00a0\u00bbdefault\u00a0\u00bb global_colors_info=\u00a0\u00bb{}\u00a0\u00bb][et_pb_column_inner saved_specialty_column_type=\u00a0\u00bb1_2&Prime; _builder_version=\u00a0\u00bb4.16&Prime; _module_preset=\u00a0\u00bbdefault\u00a0\u00bb global_colors_info=\u00a0\u00bb{}\u00a0\u00bb][et_pb_gallery gallery_ids=\u00a0\u00bb281,279,276,274,272,271,270,269,268,267&Prime; show_title_and_caption=\u00a0\u00bboff\u00a0\u00bb _builder_version=\u00a0\u00bb4.16&Prime; _module_preset=\u00a0\u00bbdefault\u00a0\u00bb box_shadow_style_image=\u00a0\u00bbpreset2&Prime; global_colors_info=\u00a0\u00bb{}\u00a0\u00bb][\/et_pb_gallery][\/et_pb_column_inner][\/et_pb_row_inner][\/et_pb_column][\/et_pb_section][et_pb_section fb_built=\u00a0\u00bb1&Prime; fullwidth=\u00a0\u00bbon\u00a0\u00bb _builder_version=\u00a0\u00bb4.16&Prime; _module_preset=\u00a0\u00bbdefault\u00a0\u00bb global_colors_info=\u00a0\u00bb{}\u00a0\u00bb][\/et_pb_section]<\/p>\n","protected":false},"excerpt":{"rendered":"<p>La collegiale de Douriez a \u00e9t\u00e9 batie de 1506 \u00e0 1518 gr\u00e2ce aux largesses de Fran\u00e7ois de Cr\u00e9quy ,seigneur de Douriez. Fran\u00e7ois de Cr\u00e9quy avait \u00e9t\u00e9 envoy\u00e9 en ambassade par le roi de France Louis XII aupr\u00e8s du roi d&rsquo;Angleterre Henri VII.Ayant parfaitement r\u00e9ussi sa mission ,il fut combl\u00e9 de pr\u00e9sents par les deux rois.Il [&hellip;]<\/p>\n","protected":false},"author":1,"featured_media":0,"parent":0,"menu_order":0,"comment_status":"closed","ping_status":"closed","template":"","meta":{"_et_pb_use_builder":"on","_et_pb_old_content":"","_et_gb_content_width":"","footnotes":""},"folder":[],"class_list":["post-252","page","type-page","status-publish","hentry"],"_links":{"self":[{"href":"https:\/\/www.douriez.fr\/index.php\/wp-json\/wp\/v2\/pages\/252","targetHints":{"allow":["GET"]}}],"collection":[{"href":"https:\/\/www.douriez.fr\/index.php\/wp-json\/wp\/v2\/pages"}],"about":[{"href":"https:\/\/www.douriez.fr\/index.php\/wp-json\/wp\/v2\/types\/page"}],"author":[{"embeddable":true,"href":"https:\/\/www.douriez.fr\/index.php\/wp-json\/wp\/v2\/users\/1"}],"replies":[{"embeddable":true,"href":"https:\/\/www.douriez.fr\/index.php\/wp-json\/wp\/v2\/comments?post=252"}],"version-history":[{"count":8,"href":"https:\/\/www.douriez.fr\/index.php\/wp-json\/wp\/v2\/pages\/252\/revisions"}],"predecessor-version":[{"id":925,"href":"https:\/\/www.douriez.fr\/index.php\/wp-json\/wp\/v2\/pages\/252\/revisions\/925"}],"wp:attachment":[{"href":"https:\/\/www.douriez.fr\/index.php\/wp-json\/wp\/v2\/media?parent=252"}],"wp:term":[{"taxonomy":"folder","embeddable":true,"href":"https:\/\/www.douriez.fr\/index.php\/wp-json\/wp\/v2\/folder?post=252"}],"curies":[{"name":"wp","href":"https:\/\/api.w.org\/{rel}","templated":true}]}}

La collégiale Saint-Riquier

<p>[et_pb_section fb_built= »1&Prime; _builder_version= »4.16&Prime; _module_preset= »default » global_colors_info= »{} »][et_pb_row _builder_version= »4.16&Prime; _module_preset= »default » global_colors_info= »{} »][et_pb_column type= »4_4&Prime; _builder_version= »4.16&Prime; _module_preset= »default » global_colors_info= »{} »][et_pb_post_title meta= »off » _builder_version= »4.16&Prime; _module_preset= »default » global_colors_info= »{} »][/et_pb_post_title][/et_pb_column][/et_pb_row][et_pb_row _builder_version= »4.16&Prime; _module_preset= »default » global_colors_info= »{} »][et_pb_column type= »4_4&Prime; _builder_version= »4.16&Prime; _module_preset= »default » global_colors_info= »{} »][et_pb_text _builder_version= »4.21.0&Prime; _module_preset= »default » text_orientation= »justified » global_colors_info= »{} »]</p>
<p><span>La collegiale de Douriez a été batie de 1506 à 1518 grâce aux largesses de François de Créquy ,seigneur de Douriez.</span></p>
<p>François de Créquy avait été envoyé en ambassade par le roi de France Louis XII auprès du roi d&rsquo;Angleterre Henri VII.Ayant parfaitement réussi sa mission ,il fut comblé de présents par les deux rois.Il employa cette richesse à la construction de l&rsquo;église et fonda un « collége » ( d&rsquo;ou le terme de collégiale) ou chapitre de 6 chanoines avec leur doyen.</p>
<p>Mais Douriez était une frontière entre la Picardie et l&rsquo;Artois : le village et l&rsquo;église furent plusieurs fois ravagés par des guerres.En particulier en 1638 , sous Richelieu , lors de la guerre entre Français de Picardie et Espagnols ( d&rsquo;Artois) le village fut démoli , l&rsquo;église brûlée , les habitants dispersés .Le village resta entierement désert jusqu&rsquo;en 1640.</p>
<p>Il reste un certain nombre de signes de cette splendeur : les fenêtres du chœur , la voûte du bras nord du transept , les chapiteaux des niches dans la nef et dans le chœur , la voûte du tombeau de François et Marguerite de Créquy (à gauche du chœ<span style="font-size: 14px;">ur</span>) , un contrefort à gauche du grand portail .</p>
<p>Les habitants revinrent parmi les ruines de leur village , relevèrent leurs maisons et refirent un toit à l&rsquo;église. En 1705 , à la fin d&rsquo;un long procès avec l&rsquo;administration des dîmes , ils obtinrent l &lsquo;argent pour la restauration des voûtes , pour laquelle ils transportèrent les pierres .Ces voûtes s&rsquo;élèvent jusqu&rsquo;à 10 mètres dans la nef et 13 mètres dans le chœ<span style="font-size: 14px;">ur .</span></p>
<p>En 1774 , Madame de Lameth , propriétaire du château de Douriez , donna le mobilier du chœ<span style="font-size: 14px;">ur</span> : autel , lambris , stalles en chêne et grilles .</p>
<p><span>Longue de 45 mètres et d’un plan en croix latine, la collégiale comprend trois vaisseaux, une nef flanquée de deux collatéraux, à quatre travées, et un transept. Le chœur est plus large et nettement plus haut que le vaisseau central. Dans une niche du chœur (enfeu) subsiste la pierre tombale de François de Créquy, couverte d’une exceptionnelle voûte en pierre sculptée. L’édifice est entièrement vouté sur croisée d’ogives, à noter la voûte de la chapelle Nord qui a conservé ses clefs sculptées du </span><abbr title="seizième">16 ème</abbr><span> siècle représentant des épisodes de la vie de la Vierge. Les charpentes du </span><abbr title="dix-neuvième">19 ème </abbr><span>sont en chêne, couvertes en ardoises violines. L’édifice a </span>conservé globalement son aspect 16 ème siècle, représentatif de l’architecture gothique flamboyante du Nord de la France.</p>
<p>&nbsp;</p>
<p>[/et_pb_text][/et_pb_column][/et_pb_row][/et_pb_section][et_pb_section fb_built= »1&Prime; _builder_version= »4.21.0&Prime; _module_preset= »default » global_colors_info= »{} »][et_pb_row _builder_version= »4.21.0&Prime; _module_preset= »default » global_colors_info= »{} »][et_pb_column type= »4_4&Prime; _builder_version= »4.21.0&Prime; _module_preset= »default » global_colors_info= »{} »][et_pb_video src= »https://www.youtube.com/watch?v=aoyRvqer_C8&Prime; _builder_version= »4.21.0&Prime; _module_preset= »default » global_colors_info= »{} »][/et_pb_video][/et_pb_column][/et_pb_row][/et_pb_section][et_pb_section fb_built= »1&Prime; specialty= »on » _builder_version= »4.16&Prime; _module_preset= »default » background_color= »#2E403D » global_colors_info= »{} »][et_pb_column type= »1_2&Prime; _builder_version= »4.16&Prime; custom_padding= »||| » global_colors_info= »{} » custom_padding__hover= »||| »][et_pb_image src= »https://www.douriez.fr/wp-content/uploads/2021/07/IMG_20210404_182923-scaled.jpg » title_text= »IMG_20210404_182923&Prime; _builder_version= »4.16&Prime; _module_preset= »default » global_colors_info= »{} »][/et_pb_image][/et_pb_column][et_pb_column type= »1_2&Prime; specialty_columns= »2&Prime; _builder_version= »4.16&Prime; custom_padding= »||| » global_colors_info= »{} » custom_padding__hover= »||| »][et_pb_row_inner _builder_version= »4.16&Prime; _module_preset= »default » global_colors_info= »{} »][et_pb_column_inner saved_specialty_column_type= »1_2&Prime; _builder_version= »4.16&Prime; _module_preset= »default » global_colors_info= »{} »][et_pb_cta title= »Restauration » button_url= »https://patrimoines.pasdecalais.fr/Decouvrir/Patrimoine-architectural/La-collegiale-Saint-Riquier-de-Douriez » button_text= »Restauration et visite virtuelle » _builder_version= »4.16&Prime; _module_preset= »default » global_colors_info= »{} »]</p>
<p>Nous vous invitons à visiter le site du département afin de découvrir l&rsquo;histoire de cet édifice, le chantier de restauration (2015 à 2018),  et une très belle visite virtuelle de la collégiale.</p>
<p>[/et_pb_cta][/et_pb_column_inner][/et_pb_row_inner][et_pb_row_inner _builder_version= »4.16&Prime; _module_preset= »default » global_colors_info= »{} »][et_pb_column_inner saved_specialty_column_type= »1_2&Prime; _builder_version= »4.16&Prime; _module_preset= »default » global_colors_info= »{} »][et_pb_gallery gallery_ids= »281,279,276,274,272,271,270,269,268,267&Prime; show_title_and_caption= »off » _builder_version= »4.16&Prime; _module_preset= »default » box_shadow_style_image= »preset2&Prime; global_colors_info= »{} »][/et_pb_gallery][/et_pb_column_inner][/et_pb_row_inner][/et_pb_column][/et_pb_section][et_pb_section fb_built= »1&Prime; fullwidth= »on » _builder_version= »4.16&Prime; _module_preset= »default » global_colors_info= »{} »][/et_pb_section]</p>

<p>La collegiale de Douriez a été batie de 1506 à 1518 grâce aux largesses de François de Créquy ,seigneur de Douriez. François de Créquy avait été envoyé en ambassade par le roi de France Louis XII auprès du roi d&rsquo;Angleterre Henri VII.Ayant parfaitement réussi sa mission ,il fut comblé de présents par les deux rois.Il [&hellip;]</p>
