{"id":1123,"date":"2024-11-01T09:51:13","date_gmt":"2024-11-01T08:51:13","guid":{"rendered":"https:\/\/www.douriez.fr\/?page_id=1123"},"modified":"2026-04-14T14:59:17","modified_gmt":"2026-04-14T12:59:17","slug":"vieilles-photos-de-douriez","status":"publish","type":"page","link":"https:\/\/www.douriez.fr\/index.php\/vieilles-photos-de-douriez\/","title":{"rendered":"Vieilles photos de Douriez"},"content":{"rendered":"<p>[et_pb_section fb_built=\u00a0\u00bb1&Prime; _builder_version=\u00a0\u00bb4.16&Prime; _module_preset=\u00a0\u00bbdefault\u00a0\u00bb global_colors_info=\u00a0\u00bb{}\u00a0\u00bb][et_pb_row _builder_version=\u00a0\u00bb4.16&Prime; _module_preset=\u00a0\u00bbdefault\u00a0\u00bb global_colors_info=\u00a0\u00bb{}\u00a0\u00bb][et_pb_column type=\u00a0\u00bb4_4&Prime; _builder_version=\u00a0\u00bb4.16&Prime; _module_preset=\u00a0\u00bbdefault\u00a0\u00bb global_colors_info=\u00a0\u00bb{}\u00a0\u00bb][et_pb_post_title meta=\u00a0\u00bboff\u00a0\u00bb _builder_version=\u00a0\u00bb4.16&Prime; _module_preset=\u00a0\u00bbdefault\u00a0\u00bb global_colors_info=\u00a0\u00bb{}\u00a0\u00bb][\/et_pb_post_title][et_pb_text _builder_version=\u00a0\u00bb4.27.2&Prime; _module_preset=\u00a0\u00bbdefault\u00a0\u00bb global_colors_info=\u00a0\u00bb{}\u00a0\u00bb custom_padding=\u00a0\u00bb20px|||||\u00a0\u00bb]<\/p>\n<p style=\"text-align: justify;\">D\u00e9couvrez l&rsquo;histoire fascinante de Douriez \u00e0 travers des photographies anciennes qui capturent l&rsquo;essence de notre village. Chaque image raconte une histoire, des moments de joie aux \u00e9v\u00e9nements marquants qui ont fa\u00e7onn\u00e9 notre communaut\u00e9. Plongez dans le pass\u00e9 et laissez-vous emporter par la nostalgie des temps anciens.<\/p>\n<p style=\"text-align: justify;\">Si vous poss\u00e9dez d&rsquo;ancien clich\u00e9s du village n&rsquo;h\u00e9sitez \u00e0 pas \u00e0 vous rapprocher de la mairie pour les partager. Ils seront num\u00e9ris\u00e9s et les originaux vous seront restitu\u00e9s.<\/p>\n<p>[\/et_pb_text][\/et_pb_column][\/et_pb_row][\/et_pb_section][et_pb_section fb_built=\u00a0\u00bb1&Prime; _builder_version=\u00a0\u00bb4.27.2&Prime; _module_preset=\u00a0\u00bbdefault\u00a0\u00bb background_color=\u00a0\u00bb#2E403D\u00a0\u00bb global_colors_info=\u00a0\u00bb{}\u00a0\u00bb][et_pb_row _builder_version=\u00a0\u00bb4.27.2&Prime; _module_preset=\u00a0\u00bbdefault\u00a0\u00bb width=\u00a0\u00bb90%\u00a0\u00bb max_width=\u00a0\u00bb2560px\u00a0\u00bb module_alignment=\u00a0\u00bbcenter\u00a0\u00bb global_colors_info=\u00a0\u00bb{}\u00a0\u00bb][et_pb_column type=\u00a0\u00bb4_4&Prime; _builder_version=\u00a0\u00bb4.27.2&Prime; _module_preset=\u00a0\u00bbdefault\u00a0\u00bb custom_padding=\u00a0\u00bb|0px||0px|false|false\u00a0\u00bb global_colors_info=\u00a0\u00bb{}\u00a0\u00bb][et_pb_text _builder_version=\u00a0\u00bb4.27.5&Prime; _module_preset=\u00a0\u00bbdefault\u00a0\u00bb global_colors_info=\u00a0\u00bb{}\u00a0\u00bb]<\/p>\n<h3><span style=\"color: #ffffff;\">Juin 1967 : passage du rallye du Touquet<\/span><\/h3>\n<p>[\/et_pb_text][et_pb_gallery gallery_ids=\u00a0\u00bb1627,1628,1630,1641&Prime; show_title_and_caption=\u00a0\u00bboff\u00a0\u00bb _builder_version=\u00a0\u00bb4.27.5&Prime; _module_preset=\u00a0\u00bbdefault\u00a0\u00bb global_colors_info=\u00a0\u00bb{}\u00a0\u00bb][\/et_pb_gallery][\/et_pb_column][\/et_pb_row][et_pb_row _builder_version=\u00a0\u00bb4.27.2&Prime; _module_preset=\u00a0\u00bbdefault\u00a0\u00bb width=\u00a0\u00bb90%\u00a0\u00bb max_width=\u00a0\u00bb2560px\u00a0\u00bb module_alignment=\u00a0\u00bbcenter\u00a0\u00bb global_colors_info=\u00a0\u00bb{}\u00a0\u00bb][et_pb_column type=\u00a0\u00bb4_4&Prime; _builder_version=\u00a0\u00bb4.27.2&Prime; _module_preset=\u00a0\u00bbdefault\u00a0\u00bb custom_padding=\u00a0\u00bb|0px||0px|false|false\u00a0\u00bb global_colors_info=\u00a0\u00bb{}\u00a0\u00bb][et_pb_text _builder_version=\u00a0\u00bb4.27.2&Prime; _module_preset=\u00a0\u00bbdefault\u00a0\u00bb global_colors_info=\u00a0\u00bb{}\u00a0\u00bb]<\/p>\n<h3><span style=\"color: #ffffff;\">1934 : Place du Chapitre lors d&rsquo;un enterrement<\/span><\/h3>\n<p>[\/et_pb_text][et_pb_gallery gallery_ids=\u00a0\u00bb1125,1131,1130,1129,1128,1127&Prime; show_title_and_caption=\u00a0\u00bboff\u00a0\u00bb _builder_version=\u00a0\u00bb4.27.2&Prime; _module_preset=\u00a0\u00bbdefault\u00a0\u00bb global_colors_info=\u00a0\u00bb{}\u00a0\u00bb][\/et_pb_gallery][\/et_pb_column][\/et_pb_row][\/et_pb_section]<\/p>\n","protected":false},"excerpt":{"rendered":"<p>D\u00e9couvrez l&rsquo;histoire fascinante de Douriez \u00e0 travers des photographies anciennes qui capturent l&rsquo;essence de notre village. Chaque image raconte une histoire, des moments de joie aux \u00e9v\u00e9nements marquants qui ont fa\u00e7onn\u00e9 notre communaut\u00e9. Plongez dans le pass\u00e9 et laissez-vous emporter par la nostalgie des temps anciens. Si vous poss\u00e9dez d&rsquo;ancien clich\u00e9s du village n&rsquo;h\u00e9sitez \u00e0 [&hellip;]<\/p>\n","protected":false},"author":1,"featured_media":0,"parent":0,"menu_order":0,"comment_status":"closed","ping_status":"closed","template":"","meta":{"_et_pb_use_builder":"on","_et_pb_old_content":"","_et_gb_content_width":"","footnotes":""},"folder":[],"class_list":["post-1123","page","type-page","status-publish","hentry"],"_links":{"self":[{"href":"https:\/\/www.douriez.fr\/index.php\/wp-json\/wp\/v2\/pages\/1123","targetHints":{"allow":["GET"]}}],"collection":[{"href":"https:\/\/www.douriez.fr\/index.php\/wp-json\/wp\/v2\/pages"}],"about":[{"href":"https:\/\/www.douriez.fr\/index.php\/wp-json\/wp\/v2\/types\/page"}],"author":[{"embeddable":true,"href":"https:\/\/www.douriez.fr\/index.php\/wp-json\/wp\/v2\/users\/1"}],"replies":[{"embeddable":true,"href":"https:\/\/www.douriez.fr\/index.php\/wp-json\/wp\/v2\/comments?post=1123"}],"version-history":[{"count":8,"href":"https:\/\/www.douriez.fr\/index.php\/wp-json\/wp\/v2\/pages\/1123\/revisions"}],"predecessor-version":[{"id":1705,"href":"https:\/\/www.douriez.fr\/index.php\/wp-json\/wp\/v2\/pages\/1123\/revisions\/1705"}],"wp:attachment":[{"href":"https:\/\/www.douriez.fr\/index.php\/wp-json\/wp\/v2\/media?parent=1123"}],"wp:term":[{"taxonomy":"folder","embeddable":true,"href":"https:\/\/www.douriez.fr\/index.php\/wp-json\/wp\/v2\/folder?post=1123"}],"curies":[{"name":"wp","href":"https:\/\/api.w.org\/{rel}","templated":true}]}}

<p>[et_pb_section fb_built= »1&Prime; _builder_version= »4.16&Prime; _module_preset= »default » global_colors_info= »{} »][et_pb_row _builder_version= »4.16&Prime; _module_preset= »default » global_colors_info= »{} »][et_pb_column type= »4_4&Prime; _builder_version= »4.16&Prime; _module_preset= »default » global_colors_info= »{} »][et_pb_post_title meta= »off » _builder_version= »4.16&Prime; _module_preset= »default » global_colors_info= »{} »][/et_pb_post_title][et_pb_text _builder_version= »4.27.2&Prime; _module_preset= »default » global_colors_info= »{} » custom_padding= »20px||||| »]</p>
<p style="text-align: justify;">Découvrez l&rsquo;histoire fascinante de Douriez à travers des photographies anciennes qui capturent l&rsquo;essence de notre village. Chaque image raconte une histoire, des moments de joie aux événements marquants qui ont façonné notre communauté. Plongez dans le passé et laissez-vous emporter par la nostalgie des temps anciens.</p>
<p style="text-align: justify;">Si vous possédez d&rsquo;ancien clichés du village n&rsquo;hésitez à pas à vous rapprocher de la mairie pour les partager. Ils seront numérisés et les originaux vous seront restitués.</p>
<p>[/et_pb_text][/et_pb_column][/et_pb_row][/et_pb_section][et_pb_section fb_built= »1&Prime; _builder_version= »4.27.2&Prime; _module_preset= »default » background_color= »#2E403D » global_colors_info= »{} »][et_pb_row _builder_version= »4.27.2&Prime; _module_preset= »default » width= »90% » max_width= »2560px » module_alignment= »center » global_colors_info= »{} »][et_pb_column type= »4_4&Prime; _builder_version= »4.27.2&Prime; _module_preset= »default » custom_padding= »|0px||0px|false|false » global_colors_info= »{} »][et_pb_text _builder_version= »4.27.5&Prime; _module_preset= »default » global_colors_info= »{} »]</p>
<h3><span style="color: #ffffff;">Juin 1967 : passage du rallye du Touquet</span></h3>
<p>[/et_pb_text][et_pb_gallery gallery_ids= »1627,1628,1630,1641&Prime; show_title_and_caption= »off » _builder_version= »4.27.5&Prime; _module_preset= »default » global_colors_info= »{} »][/et_pb_gallery][/et_pb_column][/et_pb_row][et_pb_row _builder_version= »4.27.2&Prime; _module_preset= »default » width= »90% » max_width= »2560px » module_alignment= »center » global_colors_info= »{} »][et_pb_column type= »4_4&Prime; _builder_version= »4.27.2&Prime; _module_preset= »default » custom_padding= »|0px||0px|false|false » global_colors_info= »{} »][et_pb_text _builder_version= »4.27.2&Prime; _module_preset= »default » global_colors_info= »{} »]</p>
<h3><span style="color: #ffffff;">1934 : Place du Chapitre lors d&rsquo;un enterrement</span></h3>
<p>[/et_pb_text][et_pb_gallery gallery_ids= »1125,1131,1130,1129,1128,1127&Prime; show_title_and_caption= »off » _builder_version= »4.27.2&Prime; _module_preset= »default » global_colors_info= »{} »][/et_pb_gallery][/et_pb_column][/et_pb_row][/et_pb_section]</p>

<p>Découvrez l&rsquo;histoire fascinante de Douriez à travers des photographies anciennes qui capturent l&rsquo;essence de notre village. Chaque image raconte une histoire, des moments de joie aux événements marquants qui ont façonné notre communauté. Plongez dans le passé et laissez-vous emporter par la nostalgie des temps anciens. Si vous possédez d&rsquo;ancien clichés du village n&rsquo;hésitez à [&hellip;]</p>
